-1)/s?
2
Let c(d) = 2*d - 10. Let t be c(7). Suppose 0*i = -i + 5*z + 13, -t*i + 20 = -4*z. What is the tens digit of -5*(-1 + -2) - i?
1
What is the tens digit of 204/(-10)*(-7 + (-2)/(-1))?
0
Let p be (-1)/(2/4*-2). What is the units digit of p - -5 - (1 + 1)?
4
Suppose -3*u + 0 + 15 = 0. Suppose -u*v - 45 = -10*v. What is the units digit of v?
9
Suppose 2*z = -0*z + 64. What is the tens digit of z?
3
Suppose 174 = 4*m + 42. What is the tens digit of m?
3
Suppose -5*d + 59 = 2*t, 4*d - 27 = d + 3*t. What is the tens digit of d?
1
What is the units digit of (-3 + (-1 - -5))*23?
3
What is the tens digit of (-5 + 2)/((-3)/86)?
8
Suppose -140 = -5*o + 95. What is the units digit of o?
7
Suppose 13*a = 1294 + 1332. What is the hundreds digit of a?
2
Let d(j) = -2*j**3 - 4*j**2 + 11*j - 5. What is the units digit of d(-5)?
0
What is the units digit of (-3 + 2)/((-3)/186)?
2
Let i = -25 - -44. What is the tens digit of i?
1
Suppose 0*y + 36 = -2*y. Let q = -11 - y. What is the units digit of q?
7
Let b(g) = -g. Let t be b(-2). Suppose -2 = 3*c - t*a - 37, -5*a - 47 = -3*c. What is the units digit of c?
9
Let j(p) = p**2 - 11*p - 13. Let k(l) = -4*l**2 + 33*l + 40. Let x(o) = 7*j(o) + 2*k(o). What is the units digit of x(-8)?
3
Let b be 3/((-9)/(-15)) + 1. Suppose -b*u + 3 = -3. What is the units digit of u?
1
Let i = 71 + -45. What is the units digit of i?
6
Let t(v) = v**3 - 17*v**2 + 14*v + 3. Let f(h) = -h**3 + 18*h**2 - 15*h - 4. Let r(u) = -4*f(u) - 5*t(u). What is the units digit of r(12)?
5
Suppose -2*f + f = -33. What is the tens digit of f?
3
Let p(f) = -4*f. Let k be p(-1). Suppose 0 = 4*r + 16, 0 = 4*l + 3*r - 8. Let s = l - k. What is the units digit of s?
1
Suppose 0 = 2*v + 4, 0 = -2*u + 3*v - v + 16. What is the units digit of 4/u*15/2?
5
Let s = 75 - -26. What is the tens digit of s?
0
What is the hundreds digit of ((-435)/9)/((-1)/3)?
1
Suppose -d - 3 = -6. Suppose 131 = 5*i - 4*m, -i = 7*m - 2*m - d. What is the tens digit of i?
2
Let y(t) = t**2 + 4*t - 7. Let r = 25 + -20. What is the tens digit of y(r)?
3
Let n be ((-2)/(-5))/(9/(-1080)). What is the units digit of (-176)/n + 1/3?
4
Let k(a) = -a**2 - 7*a + 5. Suppose -4*y = -5*b - 46 - 3, 32 = 2*y - 4*b. Let o be y*(-1)/(-2) + -9. What is the tens digit of k(o)?
1
What is the units digit of (-3 + 237)*1/2?
7
Let x(h) = h**3 - 2*h**2 - 4*h - 15. What is the units digit of x(7)?
2
Let w(x) = -x**2 - 22*x - 11. Let o be w(-9). What is the units digit of 2/9 + o/9?
2
Let z(n) = -n**3 + 5*n**2 - 3*n + 4. Suppose 5*r = 13 + 7. What is the units digit of z(r)?
8
Let v = -101 - -211. What is the hundreds digit of v?
1
Suppose -c = -5*w - 15 + 6, w + 25 = c. What is the tens digit of c?
2
Let d(c) = c**3 + 2*c**2 + 2. Let m be d(-2). Let l = m - 11. What is the units digit of (-3)/(l/(-6)) + 9?
7
Let z(u) = u**3 + 5*u**2 - 9*u - 9. Let q = -12 - -6. What is the units digit of z(q)?
9
Let g(d) = -d - 7. Let h be g(-10). Suppose 29 + 51 = 4*l - 4*i, h*i - 30 = -3*l. What is the units digit of l?
5
Let w be 2 - (-1 - (1 - 25)). Let i = w + 31. What is the tens digit of i?
1
Suppose 0*n - 4*n + 5*m + 7 = 0, 11 = 2*n + 5*m. Suppose 9 = -n*c - 6. What is the units digit of (1 - 0) + -1 - c?
5
Let z(j) = 6*j - 23. What is the units digit of z(22)?
9
Suppose 2*v = -5*k - 0*k + 25, -3*v + 43 = 2*k. Let y = v - 10. What is the units digit of y?
5
Let u be 14/(-4) + (-5)/10. Let k(t) = -t - 2. Let g be k(u). Suppose 16 = g*v - 2*p, -5*v + p = 2*p - 28. What is the units digit of v?
6
Suppose -3*s - 5*v = -293, -2*s - v + 95 = -91. What is the units digit of s?
1
Suppose -4*s + 292 = -5*w, -79 = 2*w + s + 43. Let b be w/(-14) - (-6)/(-21). Suppose y - 31 = -b*y + 2*i, -4*y + i + 23 = 0. What is the units digit of y?
5
Let u = 11 - -12. Suppose 3*f + 0*f - u = -5*c, -3*c + 33 = -3*f. What is the units digit of c?
7
Let o = -108 - -154. What is the units digit of o?
6
Suppose 3*u + 3*j - 14 = u, 2*u - 4*j = 0. Suppose 0 = u*s - 5 - 35. What is the units digit of s?
0
What is the tens digit of 1*944/(-20)*(-20)/8?
1
Let x(a) = -4*a**2 - 6*a - a**3 - 5*a**2 + a**2 + 10. Let p be x(-7). Suppose p*y + 0 = 21. What is the units digit of y?
7
Let r be (-1)/(-3) - (-920)/30. Let u = r + -18. What is the units digit of u?
3
Let x(m) = 2*m**2 - m + 4. What is the hundreds digit of x(-7)?
1
Suppose 2*x + 0*x = 78. What is the tens digit of x?
3
Let k(g) = -10*g - 12. Let z be k(-5). Suppose -2*f - 4*m + 4 + z = 0, -3*m - 117 = -4*f. What is the tens digit of f?
2
What is the hundreds digit of (-2)/1 - (-5 - 170)?
1
Let r be 5*-1*(6 + -7). Suppose -3*m + 83 = 2*b, -2*m + r*b + 73 = 5. What is the units digit of m?
9
Let d(b) = -b**3 - 5*b**2 + 4*b + 2. Let i be d(-4). Let g be (-2)/5 + (-42)/i. What is the tens digit of (g - 4)/(3/(-10))?
1
Let k = -35 - -53. Suppose 0 = x + 20 - 9. Let w = k + x. What is the units digit of w?
7
Let f(t) = t**3 - 6*t**2 + 5. Let d be 42/(-8)*16/(-6). Let g be 4/d - 40/(-7). What is the units digit of f(g)?
5
Let z(u) = -19*u**3 + u**2 + 3*u + 1. What is the hundreds digit of z(-2)?
1
Let m(j) = -j**3 + 5*j**2 + 6*j. Let a be m(6). Suppose -35 = -2*w + 3*f, a = -4*w + f + 56 - 1. What is the tens digit of w?
1
Suppose 5*j = 5*u - 255, -2*j + 0*j - 8 = 0. What is the units digit of u?
7
Let l = -13 - -93. Suppose -j = -0*j - 5. Suppose 5*h = j*s - l, 1 = -3*h - 2. What is the units digit of s?
5
Suppose 4*x = x + 6. Suppose 0 = 3*k + x*k - 15. What is the units digit of k?
3
Suppose -4*r + g + 8 = 0, 2 + 8 = 5*r + 2*g. Suppose -3*q + 100 = -u + 6*u, 3*q = -4*u + 80. Suppose -u = -0*p - r*p. What is the tens digit of p?
1
Let k be 2/(-5) + (-134)/(-10). Let y = 14 - 9. Let s = k - y. What is the units digit of s?
8
Let z(j) = j**3 + 6*j**2 + 5*j + 1. Let v be z(-4). Suppose -3*l + 4*l = v. What is the tens digit of l?
1
Let z(h) = -h**3 - h**2 - h + 4. Let f(p) = -p - 6. Let r be f(-6). Let w be z(r). Suppose -4*t + 32 = 5*v - v, -3*t = -w*v + 39. What is the units digit of v?
9
Let j be 2 + 1 + 1 + -2. What is the units digit of 5 + -3 + 8 + j?
2
Suppose 0 = -l + 5*o + 2, -5*l + 4*o = -22 - 93. What is the tens digit of l?
2
Suppose 11*z = 7*z + 120. What is the tens digit of z?
3
Suppose -3*u = z + 55, 2*u + 0 = 10. Let l be z/(-15) + 1/3. Suppose 2 = g + r, -4 = -r - l. What is the units digit of g?
3
Suppose -43 = -2*x + 43. Suppose 0 = -w + x - 0. What is the tens digit of w?
4
Let p(h) = -7 + 15*h**2 - 9 + 10*h - 14*h**2. What is the tens digit of p(-13)?
2
Suppose f + 7*f - 184 = 0. What is the tens digit of f?
2
Let g = -29 + 47. Suppose g = 3*u - 2*u. What is the tens digit of u?
1
Suppose 5*n - 14 = -4. Suppose 0 = -n*y + y + 9. What is the units digit of y?
9
Let z be 8/(1 - -1)*1. Suppose 44 + z = 3*a. Suppose a = 2*i - 0*i. What is the units digit of i?
8
Let y(v) = -6*v + 6. What is the tens digit of y(-5)?
3
Suppose 2*c + 4 = 6*c + 3*v, 5*c - 5 = 3*v. Let s(y) = -7*y**2 - 1. Let u be s(c). What is the units digit of ((-22)/5)/(u/40)?
2
Suppose a + 2*a - 206 = -4*h, 0 = 2*a - 4*h - 104. What is the units digit of a?
2
Let n(y) = -4*y**3 + 5*y**2 - 5*y + 5. Let h(x) = 3*x**3 - 5*x**2 + 5*x - 5. Let z(s) = 5*h(s) + 4*n(s). Let m = -20 - -14. What is the units digit of z(m)?
1
Let o be -1*(-2 + 2 + 0). Suppose -h = 3*y - 3*h - 71, 5*h - 10 = o. What is the units digit of y?
5
Let s(q) = 2*q - 2. Let b be s(6). Let c = -8 + 13. What is the units digit of (36/b)/3*c?
6
Let s be (-1)/(5/(-6))*10. What is the units digit of 102/14 + s/(-42)?
7
Suppose -3*l = -4*l + 12. What is the tens digit of l?
1
Let o = -10 + 26. Let u(d) = d**3 + 4*d**2 + 2*d. Let p be u(-3). Suppose 3*i = -2*y + o, p*i + 2*i - 44 = y. What is the units digit of i?
8
Let x(j) = -j**3 + 10*j**2 - 4*j - 6. What is the tens digit of x(9)?
3
Let h be -1 + -1 + -2 + 4. Let k be (-2 - h) + (1 - -3). Suppose k*w = -3*w + 40. What is the units digit of w?
8
Suppose 2*m - 398 = -3*z, 3*z - 196 = -m + 6. What is the units digit of m?
6
Let n = -18 - -25. Suppose 12 = n*w - 4*w. What is the units digit of w?
4
Suppose -3*l = o - l - 12, 3*o = -3*l + 30. What is the units digit of o?
8
Let w(c) = c**2 - 1. Let j(i) = 7*i**3 - 5. Let k(y) = -y**3 - y**2. Let q(z) = -j(z) + 4*k(z). Let u(l) = -q(l) - 5*w(l). W